g - 24. Let t(h) = -4*h - 59. Let k be t(-7). Let q be y(k). What is the highest common divisor of 207 and q?
69
Let u be 3/6 + (-45)/(-6). Let k = 129 + -64. Let j = k + -49. Calculate the highest common divisor of j and u.
8
Let c(g) = g**3 - g. Suppose -2*z - 16 = 4*l, -z + 7 = -2*l - 5. Let s be c(z). Calculate the greatest common divisor of s and 294.
6
Let f be 45/2*1032/645. Calculate the greatest common divisor of 3042 and f.
18
Let w be (-23 + 22)/(1/105). Let r be (12/(-9))/(28/w). Suppose 0 = 5*a + p - 1359, -r = 3*p + 2*p. Calculate the greatest common divisor of 34 and a.
34
Let t(o) = o**3 + 3*o**2 - o - 6. Let q be t(-2). Suppose 0*x + x + 1 = q, 4*f - 5*x - 197 = 0. Calculate the highest common divisor of 128 and f.
16
Let y be (2 + 5/(-4))*484. Let j be (-12)/5*(-8800)/640. Calculate the greatest common divisor of y and j.
33
Let v be 10 - (-7 - 20/(-5) - -4). Suppose -3*f + 5*c = -4*f + 10, 3*c = -5*f + 6. Let s be 99 + (3 - (f + 3)). What is the greatest common divisor of v and s?
9
Let p be 6 - -4*(-3 + 4)*-1. Suppose -4*x = 5*w - 83, -5*w + x - p*x = -77. Calculate the greatest common factor of 75 and w.
15
Suppose 0 = -9*l + 1450 + 17. Suppose -8*q = l - 1323. What is the highest common factor of q and 5?
5
Let m = -190 - -2136. Calculate the highest common factor of 695 and m.
139
Let l(q) = -3*q**3 - 34*q**2 + 71*q + 79. Let m be l(-13). What is the greatest common divisor of m and 169?
1
Suppose -176 - 640 = -34*v. Suppose 4*b + 168 = 3*m, -3*b + 87 - 378 = -5*m. What is the highest common divisor of m and v?
12
Let f be 4 + (19 + -11 - 4). Calculate the greatest common factor of 10 and f.
2
Suppose c + 4*j - 251 = 233, 5*c - 5*j - 2320 = 0. Suppose -244 = 21*y - 26*y + 4*u, 5*y + 3*u = 272. Calculate the highest common divisor of c and y.
52
Let q = 229 - 226. Suppose -24*x = -19*x - b - 355, -q*b = 2*x - 159. What is the highest common factor of x and 18?
18
Suppose -124179 = -786*q + 715*q. What is the greatest common divisor of q and 33?
33
Suppose 28*m - 16*m = 14592. Suppose 8*j - 944 = m. What is the greatest common factor of j and 162?
54
Let n = -258 - -261. Suppose 3*z - n*w = 51, -2*w - 74 = 3*z - 7*z. Calculate the highest common factor of 44 and z.
4
Suppose -5*q = -0*v - 5*v + 1170, 0 = -4*q + 12. Let r = v + -223. What is the greatest common divisor of r and 266?
14
Suppose -l = -q - 97, -l + 5*q + 55 = -50. Let p = 29 - -4. Suppose 5*k - 128 = -p. Calculate the highest common divisor of l and k.
19
Let h be 6/126 + (-8814)/(-126). Calculate the greatest common divisor of 11830 and h.
70
Suppose -36*p + 30 = -33*p. Let d = 189 - 171. Calculate the greatest common factor of d and p.
2
Let q = 6311 + -6263. Calculate the greatest common divisor of 126 and q.
6
Let y(h) = 39*h + 111. Let k be y(1). What is the greatest common factor of k and 155?
5
Let x(s) = -14*s**2 - 65*s + 11. Let b be x(-3). What is the highest common factor of 15 and b?
5
Let c = 10423 + -9898. Calculate the greatest common factor of c and 875.
175
Let x be (-2)/12*-122 + (-2)/6. Let n be 4/40 + 8098/x. What is the greatest common divisor of n and 81?
81
Suppose 0*z + 36*z - 1106 = -43*z. Calculate the greatest common divisor of z and 154.
14
Let t(m) be the second derivative of 7*m**3/3 + 75*m**2 + 201*m. Let p be t(-10). Calculate the greatest common divisor of p and 250.
10
Let w(c) = c**3 - 14*c**2 - 44*c + 49. Let s = 126 + -109. Let f be w(s). What is the highest common divisor of 24 and f?
24
Let q = -77 - -152. Let b = -1632 + 1657. What is the highest common factor of b and q?
25
Suppose -2*g + 16 = -3*t, -4*t + 32 = 4*g - 3*t. Let i be (-8)/(-60)*120 - (-2 + -26). What is the highest common divisor of i and g?
4
Let w = -2535 + 5147. Suppose -7884 = -8*p - w. Suppose 0 = 5*t - 9*v + 4*v - 665, p = 5*t + v. What is the greatest common factor of t and 12?
12
Suppose -1702 = -4*a + j, -2*a + 928 = -5*j + 86. Calculate the greatest common factor of a and 66.
6
Let z(n) = -504*n**3 - n**2 + 4*n + 3. Let c be z(-1). Suppose 0 = h - 3*g - 73, 5*h + 2*g = -52 + c. Calculate the highest common factor of h and 44.
44
Let p be 305/122 + 445/(-2). Let j = p - -350. Calculate the greatest common divisor of 10 and j.
10
Let m(z) = -164*z - 11093. Let a be m(-71). Calculate the greatest common divisor of a and 116.
29
Suppose -3*h = -492 + 60. Suppose 11*m + 5*m = h. What is the greatest common divisor of m and 9?
9
Suppose -4*o - 12 = 14*i - 10*i, 4*o = -5*i - 20. Calculate the greatest common divisor of 8905 and o.
5
Let h = -7252 - -7798. Let i(j) = 3*j**2 + 2*j. Let t be i(-3). Calculate the greatest common divisor of t and h.
21
Let j(n) = 2*n**2 - 7*n + 5. Let m be j(4). Suppose 0*o = 18*o - 1602. Suppose -15*w = -o - 46. What is the greatest common divisor of m and w?
9
Let p be (-3)/15 - (-2)/10. Suppose -36 = -p*v + 6*v. Let s be (2/v*-4)/((-6)/(-36)). Calculate the greatest common factor of 96 and s.
8
Let r(y) = -24*y + 4. Let n be r(-6). Suppose 64*s = 62*s - 2*q + 218, -2*s - 3*q + 216 = 0. Calculate the highest common divisor of n and s.
37
Suppose h - 18 - 213 = -4*y, 0 = 3*h + y - 693. Let j(f) = -f**3 - f**2 + 7*f + 1. Let q be j(-5). What is the highest common divisor of h and q?
33
Suppose 5*o + d = 96, 3*d - d = o - 28. Suppose -5*a + 3*b = -46, 7*a - 17*b + 21*b - 7 = 0. What is the highest common divisor of o and a?
5
Let h = -2604 - -2754. Calculate the greatest common divisor of 2025 and h.
75
Let z(f) = 743*f - 3522. Let h be z(6). Calculate the greatest common divisor of h and 90.
18
Let f(y) = 74*y - 1002. Let j be f(15). What is the greatest common factor of j and 144?
36
Suppose 0 = 99*k - 92*k - 238. Let z(g) = -g**3 + 33*g**2 + 41*g - 43. Let m be z(k). What is the highest common factor of 117 and m?
39
Suppose 1361 = -340*n + 3043 + 5118. What is the greatest common divisor of n and 3890?
10
Let o = 25826 + -15056. Calculate the greatest common factor of o and 20.
10
Let s(r) = r**2 - 9*r + 10. Let f be s(11). Let t be 6/51 + (17808/357 - 26). Calculate the highest common factor of f and t.
8
Suppose -4*g = 389*j - 385*j - 9908, j - 3*g = 2509. What is the greatest common factor of 245 and j?
35
Let c be (0 - -4)/((2/(-12))/(935/(-102))). What is the greatest common divisor of c and 820?
20
Let y be 2/8*-1 + 14/56. Suppose 5*k + 2*v + 8 = y, 2*v = 3*k + v - 4. Suppose k = 4*g - 726 + 22. Calculate the highest common factor of g and 16.
16
Let w be (5/15)/1*9*(-3)/(-9). Calculate the greatest common divisor of w and 97.
1
Let n be ((-250)/85 - -3) + (-38514)/(-714). Calculate the greatest common factor of n and 4122.
18
Let q = 214 - 206. Suppose -d + 14 = q. Let y = -9 + 15. Calculate the highest common factor of y and d.
6
Let z(j) = 6*j + 12. Let r be z(5). Let p be 9/15 - 885/(-25). Suppose 38*s = p*s + 12. What is the highest common factor of r and s?
6
Suppose 12*g = 9*g + 60. Suppose -4*k - 4*q + g - 8 = 0, 2 = -q. Let v(u) = -3*u - 2. Let w be v(-4). What is the highest common factor of w and k?
5
Suppose -5 = -5*w, -5 = -2*d - 2*d - 3*w + 2. Let f = 0 - -3. Let n be (11/(-2))/(f/(-6)). What is the highest common divisor of d and n?
1
Let y = 1740 - 1730. Calculate the highest common divisor of 1010 and y.
10
Let h(c) = -c**3 - 19*c**2 - 153*c - 14. Let z be h(-18). Calculate the highest common divisor of z and 16.
16
Let j = 4 + 0. Suppose -332 = -4*r - 4*u, 3*u - 161 = -j*r + 2*r. Let c be 48/24 - (12/(-4) - 3). Calculate the greatest common factor of r and c.
8
Let o = -35 + 37. Let u = 2 - o. Suppose 0*v + 2*v = -8, -l + 3*v + 28 = u. Calculate the highest common divisor of 160 and l.
16
Let n(a) = -a**3 - 5*a**2 + 14*a + 9. Let s be n(-7). Let h(k) = 5 + 3 - k - s + 12*k**2. Let i be h(-1). What is the greatest common factor of 36 and i?
12
Let k(w) = 3*w**3 + 101*w**2 + 31*w - 154. Let m be k(-33). Calculate the greatest common factor of m and 182.
91
Let k(h) = -11*h - 146. Let b(d) = -12*d - 144. Let y(l) = -4*b(l) + 3*k(l). Let w be y(-5). Calculate the highest common divisor of w and 63.
63
Let w be ((-4)/(-6))/((-6)/(-297)). Let d = 33 - w. Suppose -4*z - 4*n + d*n + 136 = 0, 4*z = 2*n + 124. Calculate the greatest common divisor of 80 and z.
16
Let o be ((-24)/(-14))/(8/56). Calculate